{"id":34,"date":"2024-05-02T11:27:45","date_gmt":"2024-05-02T11:27:45","guid":{"rendered":"https:\/\/mayaresidence.ro\/?page_id=34"},"modified":"2024-05-17T14:34:42","modified_gmt":"2024-05-17T14:34:42","slug":"standard-de-calitate-mayaresidence","status":"publish","type":"page","link":"https:\/\/mayaresidence.ro\/index.php\/standard-de-calitate-mayaresidence\/","title":{"rendered":"Standard de calitate Mayaresidence"},"content":{"rendered":"\n<div class=\"wp-block-media-text has-media-on-the-right is-stacked-on-mobile\"><div class=\"wp-block-media-text__content\">\n<p>1. Arhitectura<\/p>\n\n\n\n<p><strong>Mayaresidence<\/strong> are o arhitectur\u0103 modern\u0103, echilibrat\u0103, cu focus pe a conserva \u0219i a pune \u00een valoare zona verde a lacului, dar \u0219i de a respecta arhitectura zonei<\/p>\n<\/div><figure class=\"wp-block-media-text__media\"><img fetchpriority=\"high\" decoding=\"async\" width=\"1024\" height=\"576\" src=\"https:\/\/mayaresidence.ro\/wp-content\/uploads\/2024\/05\/PHOTO-2024-05-10-12-58-47-1024x576.jpg\" alt=\"\" class=\"wp-image-222 size-full\" srcset=\"https:\/\/mayaresidence.ro\/wp-content\/uploads\/2024\/05\/PHOTO-2024-05-10-12-58-47-1024x576.jpg 1024w, https:\/\/mayaresidence.ro\/wp-content\/uploads\/2024\/05\/PHOTO-2024-05-10-12-58-47-300x169.jpg 300w, https:\/\/mayaresidence.ro\/wp-content\/uploads\/2024\/05\/PHOTO-2024-05-10-12-58-47-768x432.jpg 768w, https:\/\/mayaresidence.ro\/wp-content\/uploads\/2024\/05\/PHOTO-2024-05-10-12-58-47-1536x864.jpg 1536w, https:\/\/mayaresidence.ro\/wp-content\/uploads\/2024\/05\/PHOTO-2024-05-10-12-58-47-850x478.jpg 850w, https:\/\/mayaresidence.ro\/wp-content\/uploads\/2024\/05\/PHOTO-2024-05-10-12-58-47.jpg 1920w\" sizes=\"(max-width: 1024px) 100vw, 1024px\" \/><\/figure><\/div>\n\n\n\n<div class=\"wp-block-media-text is-stacked-on-mobile\"><figure class=\"wp-block-media-text__media\"><img decoding=\"async\" width=\"1024\" height=\"576\" src=\"https:\/\/mayaresidence.ro\/wp-content\/uploads\/2024\/05\/PHOTO-2024-05-10-12-58-48-2-1024x576.jpg\" alt=\"\" class=\"wp-image-224 size-full\" srcset=\"https:\/\/mayaresidence.ro\/wp-content\/uploads\/2024\/05\/PHOTO-2024-05-10-12-58-48-2-1024x576.jpg 1024w, https:\/\/mayaresidence.ro\/wp-content\/uploads\/2024\/05\/PHOTO-2024-05-10-12-58-48-2-300x169.jpg 300w, https:\/\/mayaresidence.ro\/wp-content\/uploads\/2024\/05\/PHOTO-2024-05-10-12-58-48-2-768x432.jpg 768w, https:\/\/mayaresidence.ro\/wp-content\/uploads\/2024\/05\/PHOTO-2024-05-10-12-58-48-2-1536x864.jpg 1536w, https:\/\/mayaresidence.ro\/wp-content\/uploads\/2024\/05\/PHOTO-2024-05-10-12-58-48-2-850x478.jpg 850w, https:\/\/mayaresidence.ro\/wp-content\/uploads\/2024\/05\/PHOTO-2024-05-10-12-58-48-2.jpg 1920w\" sizes=\"(max-width: 1024px) 100vw, 1024px\" \/><\/figure><div class=\"wp-block-media-text__content\">\n<p>2. <\/p>\n\n\n\n<h4 class=\"wp-block-heading\">Amplasare cartier<\/h4>\n\n\n\n<p><strong>Mayaresidence\u00a0<\/strong>este situat \u00een Fedelesoiu, comuna Daesti, \u00eentr-o zon\u0103 verde, retras\u0103 \u0219i lini\u0219tit\u0103, la 10 minute de mers cu ma\u0219ina de Mall.<\/p>\n<\/div><\/div>\n\n\n\n<div class=\"wp-block-media-text has-media-on-the-right is-stacked-on-mobile\"><div class=\"wp-block-media-text__content\">\n<h4 class=\"wp-block-heading\">3. Orientare cartier<\/h4>\n\n\n\n<p>Strada principal\u0103 trece prin fa\u021ba cartierului \u0219i desparte cartierul de malul lacului. Casele au acces direct din strada principal\u0103 a comunei.<\/p>\n<\/div><figure class=\"wp-block-media-text__media\"><img decoding=\"async\" width=\"1024\" height=\"658\" src=\"https:\/\/mayaresidence.ro\/wp-content\/uploads\/2024\/05\/harta-1-1024x658.jpg\" alt=\"\" class=\"wp-image-137 size-full\" srcset=\"https:\/\/mayaresidence.ro\/wp-content\/uploads\/2024\/05\/harta-1-1024x658.jpg 1024w, https:\/\/mayaresidence.ro\/wp-content\/uploads\/2024\/05\/harta-1-300x193.jpg 300w, https:\/\/mayaresidence.ro\/wp-content\/uploads\/2024\/05\/harta-1-768x493.jpg 768w, https:\/\/mayaresidence.ro\/wp-content\/uploads\/2024\/05\/harta-1-778x500.jpg 778w, https:\/\/mayaresidence.ro\/wp-content\/uploads\/2024\/05\/harta-1.jpg 1245w\" sizes=\"(max-width: 1024px) 100vw, 1024px\" \/><\/figure><\/div>\n\n\n\n<div class=\"wp-block-media-text is-stacked-on-mobile\"><figure class=\"wp-block-media-text__media\"><img loading=\"lazy\" decoding=\"async\" width=\"1024\" height=\"721\" src=\"https:\/\/mayaresidence.ro\/wp-content\/uploads\/2024\/05\/lotizare-3-1024x721.jpg\" alt=\"\" class=\"wp-image-145 size-full\" srcset=\"https:\/\/mayaresidence.ro\/wp-content\/uploads\/2024\/05\/lotizare-3-1024x721.jpg 1024w, https:\/\/mayaresidence.ro\/wp-content\/uploads\/2024\/05\/lotizare-3-300x211.jpg 300w, https:\/\/mayaresidence.ro\/wp-content\/uploads\/2024\/05\/lotizare-3-768x541.jpg 768w, https:\/\/mayaresidence.ro\/wp-content\/uploads\/2024\/05\/lotizare-3-710x500.jpg 710w, https:\/\/mayaresidence.ro\/wp-content\/uploads\/2024\/05\/lotizare-3.jpg 1039w\" sizes=\"(max-width: 1024px) 100vw, 1024px\" \/><\/figure><div class=\"wp-block-media-text__content\">\n<h4 class=\"wp-block-heading\">4. Spa\u021bii dedicate<\/h4>\n\n\n\n<p>Cartierul <\/p>\n<\/div><\/div>\n\n\n\n<div class=\"wp-block-media-text has-media-on-the-right is-stacked-on-mobile\"><div class=\"wp-block-media-text__content\">\n<h4 class=\"wp-block-heading\">5. Tipuri case<\/h4>\n\n\n\n<p>La&nbsp;<strong>Mayaresidence<\/strong>&nbsp;vei putea alege dintre 2 tipuri de case cu gr\u0103din\u0103, cu 3 camere cu suprafe\u021be 71 mp utili \u0219i 20 mp teras\u0103, sau 4 camere cu suprafa\u021ba 104 mp utili \u0219i 23 mp teras\u0103. Suprafe\u021bele sunt cu titlu informativ, la cerere se pot construi case cu mai mult de 4 camere.<\/p>\n<\/div><figure class=\"wp-block-media-text__media\"><\/figure><\/div>\n\n\n\n<div class=\"wp-block-media-text is-stacked-on-mobile\"><figure class=\"wp-block-media-text__media\"><img decoding=\"async\" width=\"1024\" height=\"576\" src=\"https:\/\/mayaresidence.ro\/wp-content\/uploads\/2024\/05\/PHOTO-2024-05-10-12-58-48-2-1024x576.jpg\" alt=\"\" class=\"wp-image-224 size-full\" srcset=\"https:\/\/mayaresidence.ro\/wp-content\/uploads\/2024\/05\/PHOTO-2024-05-10-12-58-48-2-1024x576.jpg 1024w, https:\/\/mayaresidence.ro\/wp-content\/uploads\/2024\/05\/PHOTO-2024-05-10-12-58-48-2-300x169.jpg 300w, https:\/\/mayaresidence.ro\/wp-content\/uploads\/2024\/05\/PHOTO-2024-05-10-12-58-48-2-768x432.jpg 768w, https:\/\/mayaresidence.ro\/wp-content\/uploads\/2024\/05\/PHOTO-2024-05-10-12-58-48-2-1536x864.jpg 1536w, https:\/\/mayaresidence.ro\/wp-content\/uploads\/2024\/05\/PHOTO-2024-05-10-12-58-48-2-850x478.jpg 850w, https:\/\/mayaresidence.ro\/wp-content\/uploads\/2024\/05\/PHOTO-2024-05-10-12-58-48-2.jpg 1920w\" sizes=\"(max-width: 1024px) 100vw, 1024px\" \/><\/figure><div class=\"wp-block-media-text__content\">\n<h4 class=\"wp-block-heading\">6. Mai mult spa\u021biu<\/h4>\n\n\n\n<p><a href=\"https:\/\/h4l.ro\/proiectare-bim-building-information-modeling\/\">Proiect\u0103m\u00a0<\/a><\/p>\n<\/div><\/div>\n\n\n\n<div class=\"wp-block-media-text has-media-on-the-right is-stacked-on-mobile\"><div class=\"wp-block-media-text__content\">\n<h4 class=\"wp-block-heading\">7. Vitraje mari<\/h4>\n\n\n\n<h4 class=\"wp-block-heading\">Spre gr\u0103dini am proiectat&nbsp;vitraje mari, pentru a te bucura de soare \u0219i de verdea\u021b\u0103.<\/h4>\n<\/div><figure class=\"wp-block-media-text__media\"><img fetchpriority=\"high\" decoding=\"async\" width=\"1024\" height=\"576\" src=\"https:\/\/mayaresidence.ro\/wp-content\/uploads\/2024\/05\/PHOTO-2024-05-10-12-58-47-1024x576.jpg\" alt=\"\" class=\"wp-image-222 size-full\" srcset=\"https:\/\/mayaresidence.ro\/wp-content\/uploads\/2024\/05\/PHOTO-2024-05-10-12-58-47-1024x576.jpg 1024w, https:\/\/mayaresidence.ro\/wp-content\/uploads\/2024\/05\/PHOTO-2024-05-10-12-58-47-300x169.jpg 300w, https:\/\/mayaresidence.ro\/wp-content\/uploads\/2024\/05\/PHOTO-2024-05-10-12-58-47-768x432.jpg 768w, https:\/\/mayaresidence.ro\/wp-content\/uploads\/2024\/05\/PHOTO-2024-05-10-12-58-47-1536x864.jpg 1536w, https:\/\/mayaresidence.ro\/wp-content\/uploads\/2024\/05\/PHOTO-2024-05-10-12-58-47-850x478.jpg 850w, https:\/\/mayaresidence.ro\/wp-content\/uploads\/2024\/05\/PHOTO-2024-05-10-12-58-47.jpg 1920w\" sizes=\"(max-width: 1024px) 100vw, 1024px\" \/><\/figure><\/div>\n\n\n\n<div class=\"wp-block-media-text is-stacked-on-mobile\"><figure class=\"wp-block-media-text__media\"><img loading=\"lazy\" decoding=\"async\" width=\"1024\" height=\"576\" src=\"https:\/\/mayaresidence.ro\/wp-content\/uploads\/2024\/05\/PHOTO-2024-05-10-12-58-48-1024x576.jpg\" alt=\"\" class=\"wp-image-225 size-full\" srcset=\"https:\/\/mayaresidence.ro\/wp-content\/uploads\/2024\/05\/PHOTO-2024-05-10-12-58-48-1024x576.jpg 1024w, https:\/\/mayaresidence.ro\/wp-content\/uploads\/2024\/05\/PHOTO-2024-05-10-12-58-48-300x169.jpg 300w, https:\/\/mayaresidence.ro\/wp-content\/uploads\/2024\/05\/PHOTO-2024-05-10-12-58-48-768x432.jpg 768w, https:\/\/mayaresidence.ro\/wp-content\/uploads\/2024\/05\/PHOTO-2024-05-10-12-58-48-1536x864.jpg 1536w, https:\/\/mayaresidence.ro\/wp-content\/uploads\/2024\/05\/PHOTO-2024-05-10-12-58-48-850x478.jpg 850w, https:\/\/mayaresidence.ro\/wp-content\/uploads\/2024\/05\/PHOTO-2024-05-10-12-58-48.jpg 1920w\" sizes=\"(max-width: 1024px) 100vw, 1024px\" \/><\/figure><div class=\"wp-block-media-text__content\">\n<h4 class=\"wp-block-heading\">8. Gr\u0103din\u0103 pentru fiecare cas\u0103<\/h4>\n\n\n\n<p>Toate locuin\u021bele din cadrul\u00a0<strong>Mayaresidence<\/strong>\u00a0au gr\u0103din\u0103 proprie<\/p>\n<\/div><\/div>\n\n\n\n<div class=\"wp-block-media-text has-media-on-the-right is-stacked-on-mobile\"><div class=\"wp-block-media-text__content\">\n<h4 class=\"wp-block-heading\">9. Acces gr\u0103din\u0103<\/h4>\n\n\n\n<p>\u00cen\u00a0<strong><strong>Mayaresidence<\/strong><\/strong><\/p>\n<\/div><figure class=\"wp-block-media-text__media\"><\/figure><\/div>\n\n\n\n<div class=\"wp-block-media-text is-stacked-on-mobile\"><figure class=\"wp-block-media-text__media\"><\/figure><div class=\"wp-block-media-text__content\">\n<h4 class=\"wp-block-heading\">10. Spa\u021bii verzi generoase<\/h4>\n\n\n\n<p>.<\/p>\n<\/div><\/div>\n\n\n\n<div class=\"wp-block-media-text has-media-on-the-right is-stacked-on-mobile\"><div class=\"wp-block-media-text__content\">\n<h4 class=\"wp-block-heading\">11. Spa\u021bii comune pentru via\u021ba social\u0103<\/h4>\n\n\n\n<h4 class=\"wp-block-heading\"><\/h4>\n<\/div><figure class=\"wp-block-media-text__media\"><\/figure><\/div>\n\n\n\n<div class=\"wp-block-media-text is-stacked-on-mobile\"><figure class=\"wp-block-media-text__media\"><\/figure><div class=\"wp-block-media-text__content\">\n<h4 class=\"wp-block-heading\">12. Cartier \u00eenchis, cu acces controlat<\/h4>\n\n\n\n<p><strong><strong>Mayaresidence<\/strong><\/strong> <\/p>\n<\/div><\/div>\n\n\n\n<div class=\"wp-block-media-text has-media-on-the-right is-stacked-on-mobile\"><div class=\"wp-block-media-text__content\">\n<h4 class=\"wp-block-heading\">13. Zone de joac\u0103 sigure<\/h4>\n\n\n\n<p><\/p>\n<\/div><figure class=\"wp-block-media-text__media\"><\/figure><\/div>\n\n\n\n<div class=\"wp-block-media-text is-stacked-on-mobile\"><figure class=\"wp-block-media-text__media\"><\/figure><div class=\"wp-block-media-text__content\">\n<h4 class=\"wp-block-heading\">14. Rezisten\u021b\u0103 seismic\u0103 ridicat\u0103<\/h4>\n\n\n\n<p><\/p>\n<\/div><\/div>\n","protected":false},"excerpt":{"rendered":"<p>1. Arhitectura Mayaresidence are o arhitectur\u0103 modern\u0103, echilibrat\u0103, cu focus pe a conserva \u0219i a pune \u00een valoare zona verde a lacului, dar \u0219i de a respecta arhitectura zonei 2. Amplasare cartier Mayaresidence\u00a0este situat \u00een Fedelesoiu, comuna Daesti, \u00eentr-o zon\u0103 verde, retras\u0103 \u0219i lini\u0219tit\u0103, la 10 minute de mers cu ma\u0219ina de Mall. 3. Orientare [&hellip;]<\/p>\n","protected":false},"author":1,"featured_media":0,"parent":0,"menu_order":0,"comment_status":"closed","ping_status":"closed","template":"","meta":{"inline_featured_image":false,"footnotes":""},"class_list":["post-34","page","type-page","status-publish","hentry"],"_links":{"self":[{"href":"https:\/\/mayaresidence.ro\/index.php\/wp-json\/wp\/v2\/pages\/34","targetHints":{"allow":["GET"]}}],"collection":[{"href":"https:\/\/mayaresidence.ro\/index.php\/wp-json\/wp\/v2\/pages"}],"about":[{"href":"https:\/\/mayaresidence.ro\/index.php\/wp-json\/wp\/v2\/types\/page"}],"author":[{"embeddable":true,"href":"https:\/\/mayaresidence.ro\/index.php\/wp-json\/wp\/v2\/users\/1"}],"replies":[{"embeddable":true,"href":"https:\/\/mayaresidence.ro\/index.php\/wp-json\/wp\/v2\/comments?post=34"}],"version-history":[{"count":39,"href":"https:\/\/mayaresidence.ro\/index.php\/wp-json\/wp\/v2\/pages\/34\/revisions"}],"predecessor-version":[{"id":277,"href":"https:\/\/mayaresidence.ro\/index.php\/wp-json\/wp\/v2\/pages\/34\/revisions\/277"}],"wp:attachment":[{"href":"https:\/\/mayaresidence.ro\/index.php\/wp-json\/wp\/v2\/media?parent=34"}],"curies":[{"name":"wp","href":"https:\/\/api.w.org\/{rel}","templated":true}]}}